y(t) = 3*t**2 + 12*t + 8. Let l(o) = o**2 + o + 1. Let a(v) = -4*l(v) + y(v). Calculate a(5).
19
Suppose -i = -3 + 1. Suppose 5*g + 3*m - 17 = 0, 3*m = -g + i*g + 11. Let l(y) = 7*y + 1. Determine l(g).
8
Let o(m) = m**2 - 1. Let b be (-87)/(-15) + 2/10. Let a be (24/b)/(2 - 0). Let s(k) = -k**3 + 6*k**2 + 3*k - 3. Let j(n) = a*o(n) - s(n). Give j(4).
-11
Let u(p) = p**3 + 2 - p + 2*p + 0*p - 2*p**3 - 3*p**2. Determine u(-2).
-4
Let g(v) = -v**3 + 5*v**2 - 2*v - 3. Suppose 3*a = 3*w + 6, a - 2*a - 4 = -3*w. Suppose a*h - 6 = 3*h. Determine g(h).
9
Let o(m) = -m + 1. Let n = 7 - 3. Suppose n*p - 5*j = -0*p + 24, 4*j + 15 = -p. Calculate o(p).
0
Let q(h) be the first derivative of h**4/12 - h**3/6 - 4*h**2 - 1. Let v(b) be the second derivative of q(b). Calculate v(-1).
-3
Let l = 4 - 6. Let y(c) = -4 + c**2 - 2*c + 5 - 4. Calculate y(l).
5
Let h(m) = -m**3 + m**2 - 1. Let z(y) = 2*y**3 + 4*y - 2. Let l(b) = -3*h(b) - z(b). Determine l(4).
5
Let x(v) = v + 6. Let n be x(-8). Let b(h) be the first derivative of h**2/2 - 2*h + 3. Determine b(n).
-4
Let o be (-52)/(-286) - 3*(-19)/(-11). Let q(w) be the second derivative of w**3/3 + 8*w**2 + w. Let z(t) = t + 8. Let k(a) = 3*q(a) - 5*z(a). What is k(o)?
3
Let k(d) be the first derivative of -d**5/60 + d**4/3 + 4*d**3/3 + 3. Let z(q) be the third derivative of k(q). What is z(6)?
-4
Let a(u) = -2*u - 6. Let t(x) = -x**3 + 8*x**2 + 9*x - 7. Let p be t(9). Calculate a(p).
8
Suppose 12*x - 9*x = g - 19, -g - 2 = 0. Let j(f) = 4*f + 8. Determine j(x).
-20
Let f(i) = i + 1 - 3*i + 3*i. Suppose -2*p - 5*u = 13, 3*p + 0*u + 2*u + 3 = 0. Let c be ((-6)/(-8))/(p/(-8)). Determine f(c).
-5
Let a(m) = 18 - 7 + 5*m - 13. Give a(-2).
-12
Let o(r) = 4*r**3 - 9*r**2 + r - 2. Let v(f) = 7*f**3 - 17*f**2 + 2*f - 3. Let j(a) = -5*o(a) + 3*v(a). Determine j(5).
-19
Let l(p) = p**3 - 4*p**2 + 3*p + 2. Let b(v) = 0*v - v + 1 - 4 + 2*v. Let t be b(6). What is l(t)?
2
Let v = 1 - 1. Let j(g) = -g**3 - 2*g**2 + g - 10. Let c(x) = 3*x**3 + 5*x**2 - 3*x + 29. Let a(f) = 3*c(f) + 8*j(f). Determine a(v).
7
Let a(q) be the third derivative of 0*q**5 - 1/120*q**6 + 0 + 1/24*q**4 - 5/6*q**3 + 0*q + q**2. Calculate a(0).
-5
Suppose 5*x - 21 - 4 = 0. Let c = 3 + 0. Let b = c - x. Let i(w) = -w**3 + 2*w**2 + 3*w. What is i(b)?
10
Suppose 2*k - 3*k + s + 3 = 0, 0 = -5*k + s + 11. Suppose k*p = 4*p - 6. Let d(n) = 2*n**2 - 5*n + 2. Calculate d(p).
5
Let n(i) be the first derivative of -i**2 - 12. Let w = 9 - 3. Determine n(w).
-12
Let c(z) = 8*z**2. Let m be (15/9 + 1)*3. Let t(r) = -5*r**2 + 4*r - 3. Let w(o) = 6*o**2 - 3*o + 4. Let a(y) = -5*t(y) - 4*w(y). Let b be a(m). Give c(b).
8
Suppose -9 = 2*b - 13. Let p(o) = -b*o + 9 - 6 - 5. Give p(-2).
2
Let u(r) = -3*r - 3. Suppose 5*s + 2*y + 24 = 5*y, -2*s = -y + 9. What is u(s)?
6
Let x(a) = a**3 - 3*a**2 - 4*a - 3. Let v(c) = c**2 + 5*c + 4. Suppose 0 = -5*s - 16 - 39. Let q be 3*(2 + s/3). Let p be v(q). Determine x(p).
-3
Let f(u) = -5*u**2 + 2*u - 3. Let k(s) = 11*s**2 - 3*s + 7. Let v(n) = 9*f(n) + 4*k(n). Let l = 341 + -335. Calculate v(l).
1
Let v(q) be the second derivative of q**4/12 - 7*q**3/6 - 23*q. Calculate v(6).
-6
Let h(l) be the first derivative of l**2 - 3*l + 13. Suppose 3*x + 0*x = 15. Determine h(x).
7
Suppose m - 7 = -4*m + 3*i, 3*i = -2*m + 7. Let f(b) = 4*b**3 + 4*b**2 + 2*b - 3. Let x(a) = -9*a**3 - 8*a**2 - 5*a + 7. Let c(u) = 13*f(u) + 6*x(u). Give c(m).
-5
Let v = -1 - -6. Let y(l) be the second derivative of -l**4/12 + 2*l**3/3 - 5*l**2/2 + 58*l. Give y(v).
-10
Let l(z) be the third derivative of z**5/60 + 3*z**4/8 + 5*z**3/6 + 3*z**2. Let u be l(-8). Let y(n) = -5*n - 2. Determine y(u).
13
Let w be (13/(-6))/((-3)/18). Let o(k) = -k**2 - 17*k + 0*k**2 + 3*k**2 + w*k - 4. What is o(4)?
12
Let z(y) = y**2 + 2*y + 2. Suppose 5*h + 4*b = 22, 7*h + 11 = 5*h + 5*b. Suppose -5*x - 3 = -3*j, 6*x + 23 = x - h*j. Give z(x).
5
Suppose 3*n - 34 = -2*z + 30, 3*n - 79 = -5*z. Suppose -2*f = f + n. Let y(x) = -x**3 - 7*x**2 - 6*x + 6. What is y(f)?
6
Let b(a) = -4*a**2 + 10*a**2 - 3*a**2 - a - 2*a**2 + 5. Determine b(0).
5
Suppose -8*k = 3*k - 33. Let q(o) be the first derivative of -7/2*o**2 + 2*o**k - 1/4*o**4 + 3 + 5*o. Determine q(4).
9
Let s(j) be the second derivative of -3*j**5/20 + j**4/12 - j**3/6 + j**2/2 - 3*j. Let q = -21 + 22. Give s(q).
-2
Let g be 3 + (-4 - (-2 + 0)). Let o(i) = -4*i**3 + 2*i**2 - 1. Calculate o(g).
-3
Let b = 30 - 30. Let s(u) be the second derivative of b - u**2 - 5/6*u**3 + 1/12*u**4 - u. Determine s(5).
-2
Let t(s) = 12*s**3 - 2*s - 1. Let v be (-4 + 4)/(-2 + 0). Suppose v = -5*o - 0 - 5. Give t(o).
-11
Let b(h) = 2*h - 4. Let x be (-27)/(-6)*(-6)/(-9). Determine b(x).
2
Let h(l) = -2*l - 11. Let s be h(-8). Let o(w) = w**2 - w - 8. Let t(y) = -y**2 + y + 9. Let i(m) = s*t(m) + 6*o(m). Calculate i(3).
3
Let q(k) = 16 - 9 + 8*k - 7*k. What is q(-7)?
0
Let t be 0 + (3 + -1)/(-2). Let u(s) = -11*s**3 + 2*s**2 + 2*s + 1. What is u(t)?
12
Let c(q) = 0*q - 4*q - 2*q + 13. Let g(a) = -5*a + 12. Let o(s) = -6*c(s) + 7*g(s). Let d(y) = y**2 + 4*y - 10. Let u be d(-5). Calculate o(u).
1
Suppose 5*k + 4*c = -15, -3*k + 5*c = -6*k - 9. Let r(z) = z**2 + z. Calculate r(k).
6
Let p(n) = -4*n - n**3 + 10*n**2 - 2 + 1 - 4*n**2. Determine p(5).
4
Let q(w) be the second derivative of -w**2/2 + w. Let k(o) = 3*o + 6. Let v(z) = k(z) + 6*q(z). Determine v(2).
6
Let g(n) = 23*n**2 - 9*n**2 - 15*n**2 - 8*n - 4. What is g(-6)?
8
Let r be 2/(-7) + (-15)/21. Suppose 5*h - 9 = 5*w - 39, 5 = w - 2*h. Let t(l) = 0*l**2 + 0 + 1 + w*l**2. What is t(r)?
8
Let g(h) = 6*h**3 + 2*h**2 + 0*h**2 - h**2 - 20*h**3. Give g(1).
-13
Let v(c) = -7*c + 2. Let q be (-12)/(-42)*(-56)/(-4). What is v(q)?
-26
Let d(r) = -9*r**2 + 5*r. Let p(m) = 6*m + 4*m - 3*m + 0*m - 13*m**2. Let v(u) = -7*d(u) + 5*p(u). Give v(-1).
-2
Let j(i) = i**2 + 7*i. Let x be j(-7). Let p(z) be the third derivative of 1/30*z**6 + 0*z**4 + 0*z + 0 - z**2 + x*z**5 - 1/6*z**3. Calculate p(1).
3
Let y(l) = l**3 + 7*l**2 - 2*l - 10. Suppose -3*n - 31 = -0*g + 2*g, -n + 4*g + 13 = 0. What is y(n)?
4
Let y be ((-9)/(-6) + -1)*6. Let u(v) = -4*v - y - 2*v + 2*v. Give u(-3).
9
Let z(r) = r**2 + 1. Let o(i) = -4*i**2 + 5*i. Let f = -2 + -3. Let x(c) = f*z(c) - o(c). Let k be x(-5). Let a(v) = v**2 + 4*v - 4. What is a(k)?
1
Let b(y) = y + 1. Let c be (-4)/3*6/4. Let k be b(c). Let x be 0*(-1 - k/2). Let l(f) = f**3 - f**2 - f + 6. Give l(x).
6
Let f(d) = 21*d. Let n(o) = -o. Let m be (-1)/(2*(-1)/2). Let i(s) = m*f(s) + 28*n(s). Give i(1).
-7
Let o(f) = -32*f + 10 - 28*f + 86*f - 33*f - f**2. What is o(-7)?
10
Let n = 21 + -11. Let i = -8 + n. Let u(f) = -5 + i - f + 2. What is u(-5)?
4
Let a be ((-15)/(-10))/(6/8). Let g(o) = 5 - o**2 - a*o**2 - 1 - 6*o + 2*o**2. Calculate g(-6).
4
Let t(b) = 6*b + 5. Let h(u) = 3*u + 2. Suppose -3*n = -2*r + n - 2, -r + n - 2 = 0. Let o = -3 + 10. Let y(v) = o*h(v) + r*t(v). Calculate y(3).
8
Suppose r = -2*r + 12. Let f be ((-6)/8)/(r/16). Let j(i) = -i**2 + 2*i - 4 - 2*i**2 + 5*i**3 - 6*i**3 - 3*i. Determine j(f).
-1
Let r(o) = -11*o**3 - 6 + 12*o**3 + 0*o**2 - 6*o**2. Give r(6).
-6
Let v(j) = j**3 + 6*j**2 - 7*j + 3. Let u be v(-7). Suppose 0 = -4*p - c - c + 10, -9 = -u*p - 3*c. Let g(m) = 1 - p*m + m - 3. What is g(-6)?
4
Let d(p) = -6*p - 57 + p**2 + 62 - 2*p**2. Give d(-6).
5
Let w(x) = -x**2 - x. Suppose 0 = -2*l - 0*l - 6. Let u be -2 - 3/(-2) - 90/(-20). Let h = l + u. Calculate w(h).
-2
Let u be (-10)/(-4)*(-40)/(-25). Suppose -21 + 9 = -u*p. Let a(k) = 2*k - k**2 + 0 - 3 + 0. What is a(p)?
-6
Let g(c) = 7 + c - 2*c + 1 - c**2 + 8*c. What is g(7)?
8
Let v(b) be the first derivative of -2*b - 1 + 1/2*b**2 - 1/6*b**3. Let p(x) be the first derivative of v(x). Give p(-4).
5
Let k(y) = -5*y - 4. Let b(u) = -7 - 9 + 6 - 2 - 14*u. Let n(g) = 4*b(g) - 11*k(g). Give n(5).
-9
Suppose -d = -0*d - 7. Let n(p) = 12*p - 8. Let a(k) = -11*k + 7. Let t(s) = d*a(s) + 6*n(s). Suppose x = 4*z - 0*z - 3, -z + 12 = 2*x. Determine t(z).
-9
Let j(q) = -5 - 2*q + q - q**2 + 2*q**3 + 5. Let r be j(2). Suppose -16 = -r*v + 6*v. Let b(y) = -2*y + 2. What is b(v)?
-6
Let k(j) be the first derivative of -1/6*j**4 + 0*j**3 + 0*j - j**2 - 2. Let o(c) be the second derivative of k(c). What is o